{"id":7144,"date":"2018-05-03T19:14:13","date_gmt":"2018-05-03T19:14:13","guid":{"rendered":"https:\/\/gemaa.iesp.uerj.br\/projeto\/acao-afirmativa-na-pos-graduacao\/"},"modified":"2022-05-10T14:45:07","modified_gmt":"2022-05-10T14:45:07","slug":"acao-afirmativa-na-pos-graduacao","status":"publish","type":"projeto_de_pesquisa","link":"https:\/\/gemaa.iesp.uerj.br\/en\/projeto\/acao-afirmativa-na-pos-graduacao\/","title":{"rendered":"A\u00e7\u00e3o afirmativa na p\u00f3s-gradua\u00e7\u00e3o"},"content":{"rendered":"<p>Foi desenvolvido o seguinte infogr\u00e1fico pela equipe GEMAA a partir dessa pesquisa:<\/p>\n<p><a target=\"_blank\" href=\"https:\/\/gemaa.iesp.uerj.br\/infografico\/acoes-afirmativas-na-pos-graduacao\/\" rel=\"noopener\"><strong>A\u00e7\u00f5es afirmativas na p\u00f3s-gradua\u00e7\u00e3o<\/strong><\/a><\/p>\n<p>&nbsp;<\/p>\n<p>Os resumos sobre programas de p\u00f3s-gradua\u00e7\u00e3o com a\u00e7\u00f5es afirmativas podem ser encontrados <strong><a target=\"_blank\" href=\"https:\/\/gemaa.iesp.uerj.br\/infografico\/acoes-afirmativas-na-pos-graduacao\/\" rel=\"noopener\">aqui<\/a><\/strong>.<\/p>\n","protected":false},"excerpt":{"rendered":"<p>Foi desenvolvido o seguinte infogr\u00e1fico pela equipe GEMAA a partir dessa pesquisa: A\u00e7\u00f5es afirmativas na p\u00f3s-gradua\u00e7\u00e3o &nbsp; Os resumos sobre programas de p\u00f3s-gradua\u00e7\u00e3o com a\u00e7\u00f5es afirmativas podem ser encontrados aqui.<\/p>\n","protected":false},"featured_media":0,"template":"","tematica":[530,533],"class_list":["post-7144","projeto_de_pesquisa","type-projeto_de_pesquisa","status-publish","hentry","tematica-education","tematica-graduate","status-em-andamento"],"blocksy_meta":{"styles_descriptor":{"styles":{"desktop":"","tablet":"","mobile":""},"google_fonts":[],"version":6}},"featured_image_urls_v2":{"full":"","thumbnail":"","medium":"","medium_large":"","large":"","gs-tiny":"","xl":"","xxl":"","xxxl":"","xxxxl":"","xxxxxl":"","1536x1536":"","2048x2048":""},"post_excerpt_stackable_v2":"<p>Foi desenvolvido o seguinte infogr\u00e1fico pela equipe GEMAA a partir dessa pesquisa: A\u00e7\u00f5es afirmativas na p\u00f3s-gradua\u00e7\u00e3o &nbsp; Os resumos sobre programas de p\u00f3s-gradua\u00e7\u00e3o com a\u00e7\u00f5es afirmativas podem ser encontrados aqui.<\/p>\n","category_list_v2":"","author_info_v2":{"name":"","url":""},"comments_num_v2":"0 comments","acf":[],"_links":{"self":[{"href":"https:\/\/gemaa.iesp.uerj.br\/en\/wp-json\/wp\/v2\/projeto_de_pesquisa\/7144","targetHints":{"allow":["GET"]}}],"collection":[{"href":"https:\/\/gemaa.iesp.uerj.br\/en\/wp-json\/wp\/v2\/projeto_de_pesquisa"}],"about":[{"href":"https:\/\/gemaa.iesp.uerj.br\/en\/wp-json\/wp\/v2\/types\/projeto_de_pesquisa"}],"version-history":[{"count":0,"href":"https:\/\/gemaa.iesp.uerj.br\/en\/wp-json\/wp\/v2\/projeto_de_pesquisa\/7144\/revisions"}],"wp:attachment":[{"href":"https:\/\/gemaa.iesp.uerj.br\/en\/wp-json\/wp\/v2\/media?parent=7144"}],"wp:term":[{"taxonomy":"tematica","embeddable":true,"href":"https:\/\/gemaa.iesp.uerj.br\/en\/wp-json\/wp\/v2\/tematica?post=7144"}],"curies":[{"name":"wp","href":"https:\/\/api.w.org\/{rel}","templated":true}]}}

Ação afirmativa na pós-graduação

<p>Foi desenvolvido o seguinte infográfico pela equipe GEMAA a partir dessa pesquisa:</p>
<p><a target="_blank" href="https://gemaa.iesp.uerj.br/infografico/acoes-afirmativas-na-pos-graduacao/" rel="noopener"><strong>Ações afirmativas na pós-graduação</strong></a></p>
<p>&nbsp;</p>
<p>Os resumos sobre programas de pós-graduação com ações afirmativas podem ser encontrados <strong><a target="_blank" href="https://gemaa.iesp.uerj.br/infografico/acoes-afirmativas-na-pos-graduacao/" rel="noopener">aqui</a></strong>.</p>

<p>Foi desenvolvido o seguinte infográfico pela equipe GEMAA a partir dessa pesquisa: Ações afirmativas na pós-graduação &nbsp; Os resumos sobre programas de pós-graduação com ações afirmativas podem ser encontrados aqui.</p>
