{"id":7139,"date":"2018-05-07T19:17:35","date_gmt":"2018-05-07T19:17:35","guid":{"rendered":"https:\/\/gemaa.iesp.uerj.br\/projeto\/acao-afirmativa-e-o-debate-na-grande-midia\/"},"modified":"2022-05-10T14:45:04","modified_gmt":"2022-05-10T14:45:04","slug":"acao-afirmativa-e-o-debate-na-grande-midia","status":"publish","type":"projeto_de_pesquisa","link":"https:\/\/gemaa.iesp.uerj.br\/en\/projeto\/acao-afirmativa-e-o-debate-na-grande-midia\/","title":{"rendered":"A\u00e7\u00e3o afirmativa e o debate na grande m\u00eddia"},"content":{"rendered":"\n<p>Foram desenvolvidos os seguintes textos para discuss\u00e3o pela equipe GEMAA a partir dessa pesquisa:<\/p>\n\n\n\n<p>2 \u2013 <a href=\"https:\/\/gemaa.iesp.uerj.br\/textos-para-discussao\/numero-2-o-globo-e-as-acoes-afirmativas-dez-anos-de-cobertura-2001-2011\/\" target=\"_blank\" rel=\"noopener\"><strong>O Globo E As A\u00e7\u00f5es Afirmativas<\/strong><\/a><br>3 \u2013 <a href=\"https:\/\/gemaa.iesp.uerj.br\/textos-para-discussao\/tpd3\/\" target=\"_blank\" rel=\"noopener\"><strong>A Folha De S. Paulo E As A\u00e7\u00f5es Afirmativas<\/strong><\/a><\/p>\n\n\n\n<p>Foram desenvolvidos os seguintes artigos a partir dessa pesquisa:<\/p>\n\n\n\n<p><strong>2011<\/strong><br><strong><a href=\"http:\/\/www.contemporanea.ufscar.br\/index.php\/contemporanea\/article\/view\/37\/19\" target=\"_blank\" rel=\"noopener\">Fora de quadro: a a\u00e7\u00e3o afirmativa nas p\u00e1ginas d\u2019O Globo (2011)<\/a><\/strong>, por&nbsp;Jo\u00e3o Feres J\u00fanior, Luiz Augusto Campos e Ver\u00f4nica Toste.<\/p>\n\n\n\n<p><strong>2013<\/strong><br><a href=\"https:\/\/gemaa.iesp.uerj.br\/wp-content\/uploads\/2018\/03\/A%C3%A7%C3%A3o-afirmativa-na-revista-Veja.pdf\" data-type=\"URL\" data-id=\"https:\/\/gemaa.iesp.uerj.br\/wp-content\/uploads\/2018\/03\/A%C3%A7%C3%A3o-afirmativa-na-revista-Veja.pdf\" target=\"_blank\" rel=\"noreferrer noopener\"><strong>A\u00e7\u00e3o afirmativa na revista Veja: estrat\u00e9gias editoriais e o enquadramento p\u00fablico<\/strong><\/a>, por Ver\u00f4nica Toste e Jo\u00e3o Feres J\u00fanior.<br><a href=\"http:\/\/www.scielo.br\/scielo.php?script=sci_arttext&amp;pid=S0103-33522013000200001&amp;lng=pt&amp;tlng=pt\" target=\"_blank\" rel=\"noopener\"><strong>Administrando o debate p\u00fablico: O Globo e a controv\u00e9rsia em torno das cotas raciais<\/strong><\/a>, por Luiz Augusto Campos, Jo\u00e3o Feres J\u00fanior e Ver\u00f4nica Toste.<\/p>\n\n\n\n<p><strong>2014<\/strong><br><a href=\"https:\/\/www.academia.edu\/10178010\/A_identifica%C3%A7%C3%A3o_de_enquadramentos_atrav%C3%A9s_da_an%C3%A1lise_de_correspond%C3%AAncias_um_modelo_anal%C3%ADtico_aplicado_%C3%A0_controv%C3%A9rsia_das_a%C3%A7%C3%B5es_afirmativas_raciais_na_imprensa\" target=\"_blank\" rel=\"noopener\"><strong>A identifica\u00e7\u00e3o de enquadramentos atrav\u00e9s da an\u00e1lise de correspond\u00eancias: um modelo anal\u00edtico aplicado \u00e0 controv\u00e9rsia das a\u00e7\u00f5es afirmativas raciais na imprensa<\/strong><\/a>, por&nbsp;Luiz Augusto Campos.<\/p>\n","protected":false},"excerpt":{"rendered":"<p>Sistematiza\u00e7\u00e3o e an\u00e1lise da val\u00eancia (positiva, negativa, neutra e ambivalente), enquadramento, argumentos, recursos ret\u00f3ricos, representa\u00e7\u00f5es de na\u00e7\u00e3o e atores que aparecem no debate sobre a\u00e7\u00e3o afirmativa veiculado na grande m\u00eddia brasileira. A pesquisa tem como base todos os textos (artigos, reportagens, editoriais, cartas, entrevistas etc) publicados sobre o assunto desde o ano 2000 nos principais jornais e revistas brasileiros.<\/p>\n","protected":false},"featured_media":0,"template":"","tematica":[534,535],"class_list":["post-7139","projeto_de_pesquisa","type-projeto_de_pesquisa","status-publish","hentry","tematica-media","tematica-press","status-encerrado"],"blocksy_meta":{"styles_descriptor":{"styles":{"desktop":"","tablet":"","mobile":""},"google_fonts":[],"version":6}},"featured_image_urls_v2":{"full":"","thumbnail":"","medium":"","medium_large":"","large":"","gs-tiny":"","xl":"","xxl":"","xxxl":"","xxxxl":"","xxxxxl":"","1536x1536":"","2048x2048":""},"post_excerpt_stackable_v2":"<p>Sistematiza\u00e7\u00e3o e an\u00e1lise da val\u00eancia (positiva, negativa, neutra e ambivalente), enquadramento, argumentos, recursos ret\u00f3ricos, representa\u00e7\u00f5es de na\u00e7\u00e3o e atores que aparecem no debate sobre a\u00e7\u00e3o afirmativa veiculado na grande m\u00eddia brasileira. A pesquisa tem como base todos os textos (artigos, reportagens, editoriais, cartas, entrevistas etc) publicados sobre o assunto desde o ano 2000 nos principais jornais e revistas brasileiros.<\/p>\n","category_list_v2":"","author_info_v2":{"name":"","url":""},"comments_num_v2":"0 comments","acf":[],"_links":{"self":[{"href":"https:\/\/gemaa.iesp.uerj.br\/en\/wp-json\/wp\/v2\/projeto_de_pesquisa\/7139","targetHints":{"allow":["GET"]}}],"collection":[{"href":"https:\/\/gemaa.iesp.uerj.br\/en\/wp-json\/wp\/v2\/projeto_de_pesquisa"}],"about":[{"href":"https:\/\/gemaa.iesp.uerj.br\/en\/wp-json\/wp\/v2\/types\/projeto_de_pesquisa"}],"version-history":[{"count":0,"href":"https:\/\/gemaa.iesp.uerj.br\/en\/wp-json\/wp\/v2\/projeto_de_pesquisa\/7139\/revisions"}],"wp:attachment":[{"href":"https:\/\/gemaa.iesp.uerj.br\/en\/wp-json\/wp\/v2\/media?parent=7139"}],"wp:term":[{"taxonomy":"tematica","embeddable":true,"href":"https:\/\/gemaa.iesp.uerj.br\/en\/wp-json\/wp\/v2\/tematica?post=7139"}],"curies":[{"name":"wp","href":"https:\/\/api.w.org\/{rel}","templated":true}]}}

Ação afirmativa e o debate na grande mídia

<p>Foram desenvolvidos os seguintes textos para discussão pela equipe GEMAA a partir dessa pesquisa:</p>



<p>2 – <a href="https://gemaa.iesp.uerj.br/textos-para-discussao/numero-2-o-globo-e-as-acoes-afirmativas-dez-anos-de-cobertura-2001-2011/" target="_blank" rel="noopener"><strong>O Globo E As Ações Afirmativas</strong></a><br>3 – <a href="https://gemaa.iesp.uerj.br/textos-para-discussao/tpd3/" target="_blank" rel="noopener"><strong>A Folha De S. Paulo E As Ações Afirmativas</strong></a></p>



<p>Foram desenvolvidos os seguintes artigos a partir dessa pesquisa:</p>



<p><strong>2011</strong><br><strong><a href="http://www.contemporanea.ufscar.br/index.php/contemporanea/article/view/37/19" target="_blank" rel="noopener">Fora de quadro: a ação afirmativa nas páginas d’O Globo (2011)</a></strong>, por&nbsp;João Feres Júnior, Luiz Augusto Campos e Verônica Toste.</p>



<p><strong>2013</strong><br><a href="https://gemaa.iesp.uerj.br/wp-content/uploads/2018/03/A%C3%A7%C3%A3o-afirmativa-na-revista-Veja.pdf" data-type="URL" data-id="https://gemaa.iesp.uerj.br/wp-content/uploads/2018/03/A%C3%A7%C3%A3o-afirmativa-na-revista-Veja.pdf" target="_blank" rel="noreferrer noopener"><strong>Ação afirmativa na revista Veja: estratégias editoriais e o enquadramento público</strong></a>, por Verônica Toste e João Feres Júnior.<br><a href="http://www.scielo.br/scielo.php?script=sci_arttext&amp;pid=S0103-33522013000200001&amp;lng=pt&amp;tlng=pt" target="_blank" rel="noopener"><strong>Administrando o debate público: O Globo e a controvérsia em torno das cotas raciais</strong></a>, por Luiz Augusto Campos, João Feres Júnior e Verônica Toste.</p>



<p><strong>2014</strong><br><a href="https://www.academia.edu/10178010/A_identifica%C3%A7%C3%A3o_de_enquadramentos_atrav%C3%A9s_da_an%C3%A1lise_de_correspond%C3%AAncias_um_modelo_anal%C3%ADtico_aplicado_%C3%A0_controv%C3%A9rsia_das_a%C3%A7%C3%B5es_afirmativas_raciais_na_imprensa" target="_blank" rel="noopener"><strong>A identificação de enquadramentos através da análise de correspondências: um modelo analítico aplicado à controvérsia das ações afirmativas raciais na imprensa</strong></a>, por&nbsp;Luiz Augusto Campos.</p>

<p>Sistematização e análise da valência (positiva, negativa, neutra e ambivalente), enquadramento, argumentos, recursos retóricos, representações de nação e atores que aparecem no debate sobre ação afirmativa veiculado na grande mídia brasileira. A pesquisa tem como base todos os textos (artigos, reportagens, editoriais, cartas, entrevistas etc) publicados sobre o assunto desde o ano 2000 nos principais jornais e revistas brasileiros.</p>
