{"id":7134,"date":"2018-05-07T19:39:49","date_gmt":"2018-05-07T19:39:49","guid":{"rendered":"https:\/\/gemaa.iesp.uerj.br\/projeto\/raca-e-eleicoes-no-brasil\/"},"modified":"2022-05-10T14:45:00","modified_gmt":"2022-05-10T14:45:00","slug":"raca-e-eleicoes-no-brasil","status":"publish","type":"projeto_de_pesquisa","link":"https:\/\/gemaa.iesp.uerj.br\/en\/projeto\/raca-e-eleicoes-no-brasil\/","title":{"rendered":"Ra\u00e7a e Elei\u00e7\u00f5es no Brasil"},"content":{"rendered":"\n<p>Foram desenvolvidos os seguintes textos para discuss\u00e3o pela equipe GEMAA a partir dessa pesquisa:<\/p>\n\n\n\n<p>7 \u2013 <a href=\"https:\/\/gemaa.iesp.uerj.br\/textos-para-discussao\/tpd7\/\" target=\"_blank\" rel=\"noopener\"><strong>A Cor E O Sexo Da Pol\u00edtica (2014)<\/strong><\/a><br>12 \u2013 <a href=\"https:\/\/gemaa.iesp.uerj.br\/textos-para-discussao\/tpd12\/\" target=\"_blank\" rel=\"noopener\"><strong>A Cor E O Sexo Da Pol\u00edtica (2016)<\/strong><\/a><\/p>\n\n\n\n<p>Foram desenvolvidos os seguintes artigos a partir dessa pesquisa:<\/p>\n\n\n\n<p><strong>2015<\/strong><br><a href=\"https:\/\/gemaa.iesp.uerj.br\/wp-content\/uploads\/2018\/03\/A-ra%C3%A7a-dos-ineleitos.pdf\" target=\"_blank\" rel=\"noopener\"><strong>A ra\u00e7a dos (in)eleitos<\/strong><\/a>, por Luiz Augusto Campos e Carlos Machado.<br><a href=\"http:\/\/dx.doi.org\/10.1590\/0103-335220151606\" target=\"_blank\" rel=\"noopener\"><strong>A cor dos eleitos: determinantes da sub-representa\u00e7\u00e3o pol\u00edtica dos n\u00e3o brancos no Brasil<\/strong><\/a>, por Luiz Augusto Campos e Carlos Machado.<\/p>\n\n\n\n<p><strong>2017<\/strong><br><a href=\"http:\/\/www.scielo.br\/pdf\/rsocp\/v25n61\/0104-4478-rsocp-25-61-0125.pdf\" target=\"_blank\" rel=\"noopener\"><strong>O que afasta pretos e pardos da representa\u00e7\u00e3o pol\u00edtica? Uma an\u00e1lise a partir das elei\u00e7\u00f5es legislativas de 2014<\/strong><\/a>, por Luiz Augusto Campos.<\/p>\n","protected":false},"excerpt":{"rendered":"<p>Este projeto pretende elucidar quais s\u00e3o os principais filtros que afastam os pretos e pardos da pol\u00edtica brasileira.<\/p>\n","protected":false},"featured_media":0,"template":"","tematica":[539,538],"class_list":["post-7134","projeto_de_pesquisa","type-projeto_de_pesquisa","status-publish","hentry","tematica-elections","tematica-politics","status-encerrado"],"blocksy_meta":{"styles_descriptor":{"styles":{"desktop":"","tablet":"","mobile":""},"google_fonts":[],"version":6}},"featured_image_urls_v2":{"full":"","thumbnail":"","medium":"","medium_large":"","large":"","gs-tiny":"","xl":"","xxl":"","xxxl":"","xxxxl":"","xxxxxl":"","1536x1536":"","2048x2048":""},"post_excerpt_stackable_v2":"<p>Este projeto pretende elucidar quais s\u00e3o os principais filtros que afastam os pretos e pardos da pol\u00edtica brasileira.<\/p>\n","category_list_v2":"","author_info_v2":{"name":"","url":""},"comments_num_v2":"0 comments","acf":[],"_links":{"self":[{"href":"https:\/\/gemaa.iesp.uerj.br\/en\/wp-json\/wp\/v2\/projeto_de_pesquisa\/7134","targetHints":{"allow":["GET"]}}],"collection":[{"href":"https:\/\/gemaa.iesp.uerj.br\/en\/wp-json\/wp\/v2\/projeto_de_pesquisa"}],"about":[{"href":"https:\/\/gemaa.iesp.uerj.br\/en\/wp-json\/wp\/v2\/types\/projeto_de_pesquisa"}],"version-history":[{"count":0,"href":"https:\/\/gemaa.iesp.uerj.br\/en\/wp-json\/wp\/v2\/projeto_de_pesquisa\/7134\/revisions"}],"wp:attachment":[{"href":"https:\/\/gemaa.iesp.uerj.br\/en\/wp-json\/wp\/v2\/media?parent=7134"}],"wp:term":[{"taxonomy":"tematica","embeddable":true,"href":"https:\/\/gemaa.iesp.uerj.br\/en\/wp-json\/wp\/v2\/tematica?post=7134"}],"curies":[{"name":"wp","href":"https:\/\/api.w.org\/{rel}","templated":true}]}}

Raça e Eleições no Brasil

<p>Foram desenvolvidos os seguintes textos para discussão pela equipe GEMAA a partir dessa pesquisa:</p>



<p>7 – <a href="https://gemaa.iesp.uerj.br/textos-para-discussao/tpd7/" target="_blank" rel="noopener"><strong>A Cor E O Sexo Da Política (2014)</strong></a><br>12 – <a href="https://gemaa.iesp.uerj.br/textos-para-discussao/tpd12/" target="_blank" rel="noopener"><strong>A Cor E O Sexo Da Política (2016)</strong></a></p>



<p>Foram desenvolvidos os seguintes artigos a partir dessa pesquisa:</p>



<p><strong>2015</strong><br><a href="https://gemaa.iesp.uerj.br/wp-content/uploads/2018/03/A-ra%C3%A7a-dos-ineleitos.pdf" target="_blank" rel="noopener"><strong>A raça dos (in)eleitos</strong></a>, por Luiz Augusto Campos e Carlos Machado.<br><a href="http://dx.doi.org/10.1590/0103-335220151606" target="_blank" rel="noopener"><strong>A cor dos eleitos: determinantes da sub-representação política dos não brancos no Brasil</strong></a>, por Luiz Augusto Campos e Carlos Machado.</p>



<p><strong>2017</strong><br><a href="http://www.scielo.br/pdf/rsocp/v25n61/0104-4478-rsocp-25-61-0125.pdf" target="_blank" rel="noopener"><strong>O que afasta pretos e pardos da representação política? Uma análise a partir das eleições legislativas de 2014</strong></a>, por Luiz Augusto Campos.</p>

<p>Este projeto pretende elucidar quais são os principais filtros que afastam os pretos e pardos da política brasileira.</p>
