{"id":7482,"date":"2021-11-09T22:20:28","date_gmt":"2021-11-09T22:20:28","guid":{"rendered":"https:\/\/gemaa.iesp.uerj.br\/pesquisador\/natalia-leao-siqueira\/"},"modified":"2022-06-10T18:09:44","modified_gmt":"2022-06-10T18:09:44","slug":"natalia-leao-siqueira","status":"publish","type":"pesquisador","link":"https:\/\/gemaa.iesp.uerj.br\/en\/pesquisador\/natalia-leao-siqueira\/","title":{"rendered":"Natalia Le\u00e3o Siqueira"},"content":{"rendered":"<p>Nat\u00e1lia Le\u00e3o \u00e9 doutoranda em Sociologia pelo Instituto de Estudos Sociais e Pol\u00edticos da Universidade do Estado do Rio de Janeiro (IESP\/UERJ). Mestre em Sociologia pela Universidade Federal de Minas Gerais (UFMG). Licenciada e Bacharel em Ci\u00eancias Sociais pela Universidade Federal de Juiz de Fora (UFJF). \u00c9 pesquisadora do CERES &#8211; Centro para o Estudo da Riqueza e Estratifica\u00e7\u00e3o Social (http:\/\/ceres.iesp.uerj.br\/), e Coordenadora de Pesquisa e Dados na G\u00eanero e N\u00famero (http:\/\/www.generonumero.media\/). Possui interesse na \u00e1rea de Sociologia, com \u00eanfase nas abordagens sobre desigualdade e estratifica\u00e7\u00e3o social, mercado de trabalho, sa\u00fade e sociedade, pol\u00edticas p\u00fablicas e metodologias quantitativas.<\/p>\n","protected":false},"excerpt":{"rendered":"<p>Nat\u00e1lia Le\u00e3o \u00e9 doutoranda em Sociologia pelo Instituto de Estudos Sociais e Pol\u00edticos da Universidade do Estado do Rio de Janeiro (IESP\/UERJ). Mestre em Sociologia pela Universidade Federal de Minas Gerais (UFMG). Licenciada e Bacharel em Ci\u00eancias Sociais pela Universidade Federal de Juiz de Fora (UFJF). \u00c9 pesquisadora do CERES &#8211; Centro para o Estudo [&hellip;]<\/p>\n","protected":false},"featured_media":7637,"template":"","vinculacao":[517],"class_list":["post-7482","pesquisador","type-pesquisador","status-publish","has-post-thumbnail","hentry","vinculacao-former-researcher-fem"],"blocksy_meta":{"styles_descriptor":{"styles":{"desktop":"","tablet":"","mobile":""},"google_fonts":[],"version":6}},"featured_image_urls_v2":{"full":["https:\/\/gemaa.iesp.uerj.br\/wp-content\/uploads\/2021\/11\/NataliaLeao.png",2448,2448,false],"thumbnail":["https:\/\/gemaa.iesp.uerj.br\/wp-content\/uploads\/2021\/11\/NataliaLeao-150x150.png",150,150,true],"medium":["https:\/\/gemaa.iesp.uerj.br\/wp-content\/uploads\/2021\/11\/NataliaLeao-300x300.png",300,300,true],"medium_large":["https:\/\/gemaa.iesp.uerj.br\/wp-content\/uploads\/2021\/11\/NataliaLeao-768x768.png",768,768,true],"large":["https:\/\/gemaa.iesp.uerj.br\/wp-content\/uploads\/2021\/11\/NataliaLeao-1024x1024.png",1024,1024,true],"gs-tiny":["https:\/\/gemaa.iesp.uerj.br\/wp-content\/uploads\/2021\/11\/NataliaLeao.png",50,50,false],"xl":["https:\/\/gemaa.iesp.uerj.br\/wp-content\/uploads\/2021\/11\/NataliaLeao-1600x1600.png",1600,1600,true],"xxl":["https:\/\/gemaa.iesp.uerj.br\/wp-content\/uploads\/2021\/11\/NataliaLeao-2200x2200.png",2200,2200,true],"xxxl":["https:\/\/gemaa.iesp.uerj.br\/wp-content\/uploads\/2021\/11\/NataliaLeao.png",2448,2448,false],"xxxxl":["https:\/\/gemaa.iesp.uerj.br\/wp-content\/uploads\/2021\/11\/NataliaLeao.png",2448,2448,false],"xxxxxl":["https:\/\/gemaa.iesp.uerj.br\/wp-content\/uploads\/2021\/11\/NataliaLeao.png",2448,2448,false],"1536x1536":["https:\/\/gemaa.iesp.uerj.br\/wp-content\/uploads\/2021\/11\/NataliaLeao-1536x1536.png",1536,1536,true],"2048x2048":["https:\/\/gemaa.iesp.uerj.br\/wp-content\/uploads\/2021\/11\/NataliaLeao-2048x2048.png",2048,2048,true]},"post_excerpt_stackable_v2":"<p>Nat\u00e1lia Le\u00e3o \u00e9 doutoranda em Sociologia pelo Instituto de Estudos Sociais e Pol\u00edticos da Universidade do Estado do Rio de Janeiro (IESP\/UERJ). Mestre em Sociologia pela Universidade Federal de Minas Gerais (UFMG). Licenciada e Bacharel em Ci\u00eancias Sociais pela Universidade Federal de Juiz de Fora (UFJF). \u00c9 pesquisadora do CERES &#8211; Centro para o Estudo da Riqueza e Estratifica\u00e7\u00e3o Social (http:\/\/ceres.iesp.uerj.br\/), e Coordenadora de Pesquisa e Dados na G\u00eanero e N\u00famero (http:\/\/www.generonumero.media\/). Possui interesse na \u00e1rea de Sociologia, com \u00eanfase nas abordagens sobre desigualdade e estratifica\u00e7\u00e3o social, mercado de trabalho, sa\u00fade e sociedade, pol\u00edticas p\u00fablicas e metodologias quantitativas.<\/p>\n","category_list_v2":"","author_info_v2":{"name":"","url":""},"comments_num_v2":"0 comments","acf":[],"_links":{"self":[{"href":"https:\/\/gemaa.iesp.uerj.br\/en\/wp-json\/wp\/v2\/pesquisador\/7482","targetHints":{"allow":["GET"]}}],"collection":[{"href":"https:\/\/gemaa.iesp.uerj.br\/en\/wp-json\/wp\/v2\/pesquisador"}],"about":[{"href":"https:\/\/gemaa.iesp.uerj.br\/en\/wp-json\/wp\/v2\/types\/pesquisador"}],"version-history":[{"count":0,"href":"https:\/\/gemaa.iesp.uerj.br\/en\/wp-json\/wp\/v2\/pesquisador\/7482\/revisions"}],"wp:featuredmedia":[{"embeddable":true,"href":"https:\/\/gemaa.iesp.uerj.br\/en\/wp-json\/wp\/v2\/media\/7637"}],"wp:attachment":[{"href":"https:\/\/gemaa.iesp.uerj.br\/en\/wp-json\/wp\/v2\/media?parent=7482"}],"wp:term":[{"taxonomy":"vinculacao","embeddable":true,"href":"https:\/\/gemaa.iesp.uerj.br\/en\/wp-json\/wp\/v2\/vinculacao?post=7482"}],"curies":[{"name":"wp","href":"https:\/\/api.w.org\/{rel}","templated":true}]}}

Natalia Leão Siqueira

<p>Natália Leão é doutoranda em Sociologia pelo Instituto de Estudos Sociais e Políticos da Universidade do Estado do Rio de Janeiro (IESP/UERJ). Mestre em Sociologia pela Universidade Federal de Minas Gerais (UFMG). Licenciada e Bacharel em Ciências Sociais pela Universidade Federal de Juiz de Fora (UFJF). É pesquisadora do CERES &#8211; Centro para o Estudo da Riqueza e Estratificação Social (http://ceres.iesp.uerj.br/), e Coordenadora de Pesquisa e Dados na Gênero e Número (http://www.generonumero.media/). Possui interesse na área de Sociologia, com ênfase nas abordagens sobre desigualdade e estratificação social, mercado de trabalho, saúde e sociedade, políticas públicas e metodologias quantitativas.</p>

<p>Natália Leão é doutoranda em Sociologia pelo Instituto de Estudos Sociais e Políticos da Universidade do Estado do Rio de Janeiro (IESP/UERJ). Mestre em Sociologia pela Universidade Federal de Minas Gerais (UFMG). Licenciada e Bacharel em Ciências Sociais pela Universidade Federal de Juiz de Fora (UFJF). É pesquisadora do CERES &#8211; Centro para o Estudo [&hellip;]</p>
