{"id":7451,"date":"2021-11-16T14:28:13","date_gmt":"2021-11-16T14:28:13","guid":{"rendered":"https:\/\/gemaa.iesp.uerj.br\/pesquisador\/joaze-bernardino\/"},"modified":"2021-11-16T14:28:13","modified_gmt":"2021-11-16T14:28:13","slug":"joaze-bernardino","status":"publish","type":"pesquisador","link":"https:\/\/gemaa.iesp.uerj.br\/en\/pesquisador\/joaze-bernardino\/","title":{"rendered":"Joaze Bernardino"},"content":{"rendered":"\n<p>Professor Associado 3 do Departamento de Sociologia da Universidade de Bras\u00edlia. Possui gradua\u00e7\u00e3o em Ci\u00eancias Sociais (1995), mestrado em Sociologia (1999) e doutorado em Sociologia (2007) pela Universidade de Bras\u00edlia. Realizou seu p\u00f3s-doutorado no Departamento de Estudos \u00c9tnicos da Universidade da Calif\u00f3rnia em Berkeley (2014-2015), onde desenvolveu o projeto Pensamento Caliban no Brasil: Intelectuais Negros e o Campo das Rela\u00e7\u00f5es Raciais \u00e0 Luz das Teorias Decoloniais. Atuou como pesquisador visitante (2017) no Rutgers Advanced Institute for Critical Caribbean Studies (RAICCS &#8211; Rutgers University), onde aprimorou seus estudos sobre intelectuais negros caribenhos. Integrou a equipe da Universidade de Bras\u00edlia que elaborou e prop\u00f4s a Pol\u00edtica de A\u00e7\u00f5es Afirmativas para Estudantes Negros(as), Ind\u00edgenas e Quilombolas nos Cursos de P\u00f3s-Gradua\u00e7\u00e3o, aprovada em 2020. Atualmente \u00e9 o Presidente da Comiss\u00e3o de Acompanhamento da Pol\u00edtica de A\u00e7\u00f5es Afirmativas na P\u00f3s-Gradua\u00e7\u00e3o. Integra atualmente uma rede internacional de pesquisa sobre praticas de racializa\u00e7\u00e3o e promo\u00e7\u00e3o da igualdade racial no Brasil, \u00c1frica do Sul, Reino Unido e Su\u00e9cia. Leciona e orienta estudantes de gradua\u00e7\u00e3o, mestrado e doutorado nos seguintes temas: teorias decoloniais, p\u00f3s-colonialismo, intelectuais negros, teorias da di\u00e1spora, a\u00e7\u00e3o afirmativa, trabalho dom\u00e9stico.<\/p>\n","protected":false},"excerpt":{"rendered":"<p>Professor Associado 3 do Departamento de Sociologia da Universidade de Bras\u00edlia. Possui gradua\u00e7\u00e3o em Ci\u00eancias Sociais (1995), mestrado em Sociologia (1999) e doutorado em Sociologia (2007) pela Universidade de Bras\u00edlia. Realizou seu p\u00f3s-doutorado no Departamento de Estudos \u00c9tnicos da Universidade da Calif\u00f3rnia em Berkeley (2014-2015), onde desenvolveu o projeto Pensamento Caliban no Brasil: Intelectuais Negros [&hellip;]<\/p>\n","protected":false},"featured_media":6308,"template":"","vinculacao":[513],"class_list":["post-7451","pesquisador","type-pesquisador","status-publish","has-post-thumbnail","hentry","vinculacao-quotas-2022"],"blocksy_meta":{"styles_descriptor":{"styles":{"desktop":"","tablet":"","mobile":""},"google_fonts":[],"version":6}},"featured_image_urls_v2":{"full":["https:\/\/gemaa.iesp.uerj.br\/wp-content\/uploads\/2021\/11\/joaze-bernardino-e1649971496786.jpg",651,550,false],"thumbnail":["https:\/\/gemaa.iesp.uerj.br\/wp-content\/uploads\/2021\/11\/joaze-bernardino-150x150.jpg",150,150,true],"medium":["https:\/\/gemaa.iesp.uerj.br\/wp-content\/uploads\/2021\/11\/joaze-bernardino-300x253.jpg",300,253,true],"medium_large":["https:\/\/gemaa.iesp.uerj.br\/wp-content\/uploads\/2021\/11\/joaze-bernardino-e1649971496786.jpg",651,550,false],"large":["https:\/\/gemaa.iesp.uerj.br\/wp-content\/uploads\/2021\/11\/joaze-bernardino-e1649971496786.jpg",651,550,false],"gs-tiny":["https:\/\/gemaa.iesp.uerj.br\/wp-content\/uploads\/2021\/11\/joaze-bernardino-e1649971496786.jpg",50,42,false],"xl":["https:\/\/gemaa.iesp.uerj.br\/wp-content\/uploads\/2021\/11\/joaze-bernardino-e1649971496786.jpg",651,550,false],"xxl":["https:\/\/gemaa.iesp.uerj.br\/wp-content\/uploads\/2021\/11\/joaze-bernardino-e1649971496786.jpg",651,550,false],"xxxl":["https:\/\/gemaa.iesp.uerj.br\/wp-content\/uploads\/2021\/11\/joaze-bernardino-e1649971496786.jpg",651,550,false],"xxxxl":["https:\/\/gemaa.iesp.uerj.br\/wp-content\/uploads\/2021\/11\/joaze-bernardino-e1649971496786.jpg",651,550,false],"xxxxxl":["https:\/\/gemaa.iesp.uerj.br\/wp-content\/uploads\/2021\/11\/joaze-bernardino-e1649971496786.jpg",651,550,false],"1536x1536":["https:\/\/gemaa.iesp.uerj.br\/wp-content\/uploads\/2021\/11\/joaze-bernardino-e1649971496786.jpg",651,550,false],"2048x2048":["https:\/\/gemaa.iesp.uerj.br\/wp-content\/uploads\/2021\/11\/joaze-bernardino-e1649971496786.jpg",651,550,false]},"post_excerpt_stackable_v2":"<p>Professor Associado 3 do Departamento de Sociologia da Universidade de Bras\u00edlia. Possui gradua\u00e7\u00e3o em Ci\u00eancias Sociais (1995), mestrado em Sociologia (1999) e doutorado em Sociologia (2007) pela Universidade de Bras\u00edlia. Realizou seu p\u00f3s-doutorado no Departamento de Estudos \u00c9tnicos da Universidade da Calif\u00f3rnia em Berkeley (2014-2015), onde desenvolveu o projeto Pensamento Caliban no Brasil: Intelectuais Negros e o Campo das Rela\u00e7\u00f5es Raciais \u00e0 Luz das Teorias Decoloniais. Atuou como pesquisador visitante (2017) no Rutgers Advanced Institute for Critical Caribbean Studies (RAICCS &#8211; Rutgers University), onde aprimorou seus estudos sobre intelectuais negros caribenhos. Integrou a equipe da Universidade de Bras\u00edlia que elaborou&hellip;<\/p>\n","category_list_v2":"","author_info_v2":{"name":"","url":""},"comments_num_v2":"0 comments","acf":[],"_links":{"self":[{"href":"https:\/\/gemaa.iesp.uerj.br\/en\/wp-json\/wp\/v2\/pesquisador\/7451","targetHints":{"allow":["GET"]}}],"collection":[{"href":"https:\/\/gemaa.iesp.uerj.br\/en\/wp-json\/wp\/v2\/pesquisador"}],"about":[{"href":"https:\/\/gemaa.iesp.uerj.br\/en\/wp-json\/wp\/v2\/types\/pesquisador"}],"version-history":[{"count":0,"href":"https:\/\/gemaa.iesp.uerj.br\/en\/wp-json\/wp\/v2\/pesquisador\/7451\/revisions"}],"wp:featuredmedia":[{"embeddable":true,"href":"https:\/\/gemaa.iesp.uerj.br\/en\/wp-json\/wp\/v2\/media\/6308"}],"wp:attachment":[{"href":"https:\/\/gemaa.iesp.uerj.br\/en\/wp-json\/wp\/v2\/media?parent=7451"}],"wp:term":[{"taxonomy":"vinculacao","embeddable":true,"href":"https:\/\/gemaa.iesp.uerj.br\/en\/wp-json\/wp\/v2\/vinculacao?post=7451"}],"curies":[{"name":"wp","href":"https:\/\/api.w.org\/{rel}","templated":true}]}}

<p>Professor Associado 3 do Departamento de Sociologia da Universidade de Brasília. Possui graduação em Ciências Sociais (1995), mestrado em Sociologia (1999) e doutorado em Sociologia (2007) pela Universidade de Brasília. Realizou seu pós-doutorado no Departamento de Estudos Étnicos da Universidade da Califórnia em Berkeley (2014-2015), onde desenvolveu o projeto Pensamento Caliban no Brasil: Intelectuais Negros e o Campo das Relações Raciais à Luz das Teorias Decoloniais. Atuou como pesquisador visitante (2017) no Rutgers Advanced Institute for Critical Caribbean Studies (RAICCS &#8211; Rutgers University), onde aprimorou seus estudos sobre intelectuais negros caribenhos. Integrou a equipe da Universidade de Brasília que elaborou e propôs a Política de Ações Afirmativas para Estudantes Negros(as), Indígenas e Quilombolas nos Cursos de Pós-Graduação, aprovada em 2020. Atualmente é o Presidente da Comissão de Acompanhamento da Política de Ações Afirmativas na Pós-Graduação. Integra atualmente uma rede internacional de pesquisa sobre praticas de racialização e promoção da igualdade racial no Brasil, África do Sul, Reino Unido e Suécia. Leciona e orienta estudantes de graduação, mestrado e doutorado nos seguintes temas: teorias decoloniais, pós-colonialismo, intelectuais negros, teorias da diáspora, ação afirmativa, trabalho doméstico.</p>

<p>Professor Associado 3 do Departamento de Sociologia da Universidade de Brasília. Possui graduação em Ciências Sociais (1995), mestrado em Sociologia (1999) e doutorado em Sociologia (2007) pela Universidade de Brasília. Realizou seu pós-doutorado no Departamento de Estudos Étnicos da Universidade da Califórnia em Berkeley (2014-2015), onde desenvolveu o projeto Pensamento Caliban no Brasil: Intelectuais Negros [&hellip;]</p>

<p>Professor Associado 3 do Departamento de Sociologia da Universidade de Brasília. Possui graduação em Ciências Sociais (1995), mestrado em Sociologia (1999) e doutorado em Sociologia (2007) pela Universidade de Brasília. Realizou seu pós-doutorado no Departamento de Estudos Étnicos da Universidade da Califórnia em Berkeley (2014-2015), onde desenvolveu o projeto Pensamento Caliban no Brasil: Intelectuais Negros e o Campo das Relações Raciais à Luz das Teorias Decoloniais. Atuou como pesquisador visitante (2017) no Rutgers Advanced Institute for Critical Caribbean Studies (RAICCS &#8211; Rutgers University), onde aprimorou seus estudos sobre intelectuais negros caribenhos. Integrou a equipe da Universidade de Brasília que elaborou&hellip;</p>
