{"id":7449,"date":"2021-12-03T00:30:25","date_gmt":"2021-12-03T00:30:25","guid":{"rendered":"https:\/\/gemaa.iesp.uerj.br\/pesquisador\/flora-de-paula\/"},"modified":"2021-12-03T00:30:25","modified_gmt":"2021-12-03T00:30:25","slug":"flora-de-paula","status":"publish","type":"pesquisador","link":"https:\/\/gemaa.iesp.uerj.br\/en\/pesquisador\/flora-de-paula\/","title":{"rendered":"Flora de Paula"},"content":{"rendered":"\n<p>Bacharel em Gest\u00e3o P\u00fablica e Mestranda em Ci\u00eancia Pol\u00edtica pela Universidade Federal de Minas Gerais.  Atualmente \u00e9 mestranda em Ci\u00eancia Pol\u00edtica, na linha de Estado, Gest\u00e3o e Pol\u00edticas P\u00fablicas e \u00e9 membro do Centro Interinstitucional de An\u00e1lise de Pol\u00edticas Sociais &#8211; CIAPSoc e do Grupo de Estudos sobre Educa\u00e7\u00e3o Superior &#8211; GEES, todos sediados na UFMG. Foi gestora de projetos e pesquisadora do Instituto da Democracia e da Democratiza\u00e7\u00e3o da Comunica\u00e7\u00e3o (INCT\/IDDC). Participou do grupo de pesquisa Projeto Democracia Participativa (PRODEP), do grupo de pesquisa Centro de Pesquisas em Pol\u00edtica e Internet (CEPPI). Sua \u00e1rea de principal interesse \u00e9 em pol\u00edticas p\u00fablicas educacionais.<\/p>\n","protected":false},"excerpt":{"rendered":"<p>Bacharel em Gest\u00e3o P\u00fablica e Mestranda em Ci\u00eancia Pol\u00edtica pela Universidade Federal de Minas Gerais. Atualmente \u00e9 mestranda em Ci\u00eancia Pol\u00edtica, na linha de Estado, Gest\u00e3o e Pol\u00edticas P\u00fablicas e \u00e9 membro do Centro Interinstitucional de An\u00e1lise de Pol\u00edticas Sociais &#8211; CIAPSoc e do Grupo de Estudos sobre Educa\u00e7\u00e3o Superior &#8211; GEES, todos sediados na [&hellip;]<\/p>\n","protected":false},"featured_media":6331,"template":"","vinculacao":[513],"class_list":["post-7449","pesquisador","type-pesquisador","status-publish","has-post-thumbnail","hentry","vinculacao-quotas-2022"],"blocksy_meta":{"styles_descriptor":{"styles":{"desktop":"","tablet":"","mobile":""},"google_fonts":[],"version":6}},"featured_image_urls_v2":{"full":["https:\/\/gemaa.iesp.uerj.br\/wp-content\/uploads\/2021\/12\/unnamed-1.png",752,570,false],"thumbnail":["https:\/\/gemaa.iesp.uerj.br\/wp-content\/uploads\/2021\/12\/unnamed-1-150x150.png",150,150,true],"medium":["https:\/\/gemaa.iesp.uerj.br\/wp-content\/uploads\/2021\/12\/unnamed-1-300x227.png",300,227,true],"medium_large":["https:\/\/gemaa.iesp.uerj.br\/wp-content\/uploads\/2021\/12\/unnamed-1.png",752,570,false],"large":["https:\/\/gemaa.iesp.uerj.br\/wp-content\/uploads\/2021\/12\/unnamed-1.png",752,570,false],"gs-tiny":["https:\/\/gemaa.iesp.uerj.br\/wp-content\/uploads\/2021\/12\/unnamed-1.png",50,38,false],"xl":["https:\/\/gemaa.iesp.uerj.br\/wp-content\/uploads\/2021\/12\/unnamed-1.png",752,570,false],"xxl":["https:\/\/gemaa.iesp.uerj.br\/wp-content\/uploads\/2021\/12\/unnamed-1.png",752,570,false],"xxxl":["https:\/\/gemaa.iesp.uerj.br\/wp-content\/uploads\/2021\/12\/unnamed-1.png",752,570,false],"xxxxl":["https:\/\/gemaa.iesp.uerj.br\/wp-content\/uploads\/2021\/12\/unnamed-1.png",752,570,false],"xxxxxl":["https:\/\/gemaa.iesp.uerj.br\/wp-content\/uploads\/2021\/12\/unnamed-1.png",752,570,false],"1536x1536":["https:\/\/gemaa.iesp.uerj.br\/wp-content\/uploads\/2021\/12\/unnamed-1.png",752,570,false],"2048x2048":["https:\/\/gemaa.iesp.uerj.br\/wp-content\/uploads\/2021\/12\/unnamed-1.png",752,570,false]},"post_excerpt_stackable_v2":"<p>Bacharel em Gest\u00e3o P\u00fablica e Mestranda em Ci\u00eancia Pol\u00edtica pela Universidade Federal de Minas Gerais. Atualmente \u00e9 mestranda em Ci\u00eancia Pol\u00edtica, na linha de Estado, Gest\u00e3o e Pol\u00edticas P\u00fablicas e \u00e9 membro do Centro Interinstitucional de An\u00e1lise de Pol\u00edticas Sociais &#8211; CIAPSoc e do Grupo de Estudos sobre Educa\u00e7\u00e3o Superior &#8211; GEES, todos sediados na UFMG. Foi gestora de projetos e pesquisadora do Instituto da Democracia e da Democratiza\u00e7\u00e3o da Comunica\u00e7\u00e3o (INCT\/IDDC). Participou do grupo de pesquisa Projeto Democracia Participativa (PRODEP), do grupo de pesquisa Centro de Pesquisas em Pol\u00edtica e Internet (CEPPI). Sua \u00e1rea de principal interesse \u00e9 em&hellip;<\/p>\n","category_list_v2":"","author_info_v2":{"name":"","url":""},"comments_num_v2":"0 comments","acf":[],"_links":{"self":[{"href":"https:\/\/gemaa.iesp.uerj.br\/en\/wp-json\/wp\/v2\/pesquisador\/7449","targetHints":{"allow":["GET"]}}],"collection":[{"href":"https:\/\/gemaa.iesp.uerj.br\/en\/wp-json\/wp\/v2\/pesquisador"}],"about":[{"href":"https:\/\/gemaa.iesp.uerj.br\/en\/wp-json\/wp\/v2\/types\/pesquisador"}],"version-history":[{"count":0,"href":"https:\/\/gemaa.iesp.uerj.br\/en\/wp-json\/wp\/v2\/pesquisador\/7449\/revisions"}],"wp:featuredmedia":[{"embeddable":true,"href":"https:\/\/gemaa.iesp.uerj.br\/en\/wp-json\/wp\/v2\/media\/6331"}],"wp:attachment":[{"href":"https:\/\/gemaa.iesp.uerj.br\/en\/wp-json\/wp\/v2\/media?parent=7449"}],"wp:term":[{"taxonomy":"vinculacao","embeddable":true,"href":"https:\/\/gemaa.iesp.uerj.br\/en\/wp-json\/wp\/v2\/vinculacao?post=7449"}],"curies":[{"name":"wp","href":"https:\/\/api.w.org\/{rel}","templated":true}]}}

<p>Bacharel em Gestão Pública e Mestranda em Ciência Política pela Universidade Federal de Minas Gerais.  Atualmente é mestranda em Ciência Política, na linha de Estado, Gestão e Políticas Públicas e é membro do Centro Interinstitucional de Análise de Políticas Sociais &#8211; CIAPSoc e do Grupo de Estudos sobre Educação Superior &#8211; GEES, todos sediados na UFMG. Foi gestora de projetos e pesquisadora do Instituto da Democracia e da Democratização da Comunicação (INCT/IDDC). Participou do grupo de pesquisa Projeto Democracia Participativa (PRODEP), do grupo de pesquisa Centro de Pesquisas em Política e Internet (CEPPI). Sua área de principal interesse é em políticas públicas educacionais.</p>

<p>Bacharel em Gestão Pública e Mestranda em Ciência Política pela Universidade Federal de Minas Gerais. Atualmente é mestranda em Ciência Política, na linha de Estado, Gestão e Políticas Públicas e é membro do Centro Interinstitucional de Análise de Políticas Sociais &#8211; CIAPSoc e do Grupo de Estudos sobre Educação Superior &#8211; GEES, todos sediados na [&hellip;]</p>

<p>Bacharel em Gestão Pública e Mestranda em Ciência Política pela Universidade Federal de Minas Gerais. Atualmente é mestranda em Ciência Política, na linha de Estado, Gestão e Políticas Públicas e é membro do Centro Interinstitucional de Análise de Políticas Sociais &#8211; CIAPSoc e do Grupo de Estudos sobre Educação Superior &#8211; GEES, todos sediados na UFMG. Foi gestora de projetos e pesquisadora do Instituto da Democracia e da Democratização da Comunicação (INCT/IDDC). Participou do grupo de pesquisa Projeto Democracia Participativa (PRODEP), do grupo de pesquisa Centro de Pesquisas em Política e Internet (CEPPI). Sua área de principal interesse é em&hellip;</p>
